Last updated on 2025-10-26 21:50:55 CET.
| Flavor | Version | Tinstall | Tcheck | Ttotal | Status | Flags |
|---|---|---|---|---|---|---|
| r-devel-linux-x86_64-debian-clang | 0.1.3 | 4.02 | 63.05 | 67.07 | NOTE | |
| r-devel-linux-x86_64-debian-gcc | 0.1.3 | 2.94 | 46.73 | 49.67 | NOTE | |
| r-devel-linux-x86_64-fedora-clang | 0.1.3 | 103.41 | NOTE | |||
| r-devel-linux-x86_64-fedora-gcc | 0.1.3 | 115.06 | NOTE | |||
| r-devel-windows-x86_64 | 0.1.3 | 6.00 | 79.00 | 85.00 | NOTE | |
| r-patched-linux-x86_64 | 0.1.3 | 3.47 | 59.83 | 63.30 | NOTE | |
| r-release-linux-x86_64 | 0.1.3 | 3.99 | 59.22 | 63.21 | NOTE | |
| r-release-macos-arm64 | 0.1.3 | 2.00 | 39.00 | 41.00 | NOTE | |
| r-release-macos-x86_64 | 0.1.3 | 3.00 | 71.00 | 74.00 | NOTE | |
| r-release-windows-x86_64 | 0.1.3 | 6.00 | 81.00 | 87.00 | NOTE | |
| r-oldrel-macos-arm64 | 0.1.3 | 2.00 | 38.00 | 40.00 | OK | |
| r-oldrel-macos-x86_64 | 0.1.3 | 4.00 | 63.00 | 67.00 | OK | |
| r-oldrel-windows-x86_64 | 0.1.3 | 7.00 | 98.00 | 105.00 | OK |
Version: 0.1.3
Check: DESCRIPTION meta-information
Result: NOTE
Missing dependency on R >= 4.1.0 because package code uses the pipe
|> or function shorthand \(...) syntax added in R 4.1.0.
File(s) using such syntax:
‘ANOFA-contrastFrequencies.R’ ‘ANOFA-emFrequencies.R’
Flavors: r-devel-linux-x86_64-debian-clang, r-devel-linux-x86_64-debian-gcc, r-devel-linux-x86_64-fedora-clang, r-devel-linux-x86_64-fedora-gcc, r-devel-windows-x86_64, r-patched-linux-x86_64, r-release-linux-x86_64, r-release-macos-arm64, r-release-macos-x86_64, r-release-windows-x86_64